Let h = 59 - 45. Let p = h - 12. Let b be 5 - (1 + 1)/2. Calculate the highest common divisor of b and p.
2
Suppose 0 = 5*f - 7*f + 16. Suppose -3*o + 3 = -15. Let m be (-68)/(-6) + 4/o. Calculate the highest common divisor of m and f.
4
Let b(n) = 6*n**2 - 5*n - 30. Let g be b(-4). Let p = -64 + g. What is the highest common factor of 2 and p?
2
Let j = 36 - 36. Suppose 5*n - 34 = -2*s - j*s, -5*s - 23 = -n. Suppose z - 3 = a, -2*a = -n - 2. Calculate the highest common factor of z and 8.
8
Suppose 0 = -28*r + 32461 - 2361. What is the highest common factor of r and 25?
25
Let j(f) = 2*f**3 - 51*f**2 - 28*f + 63. Let g be j(26). What is the greatest common divisor of g and 55?
11
Suppose -783 - 1617 = -4*c. Calculate the highest common factor of 100 and c.
100
Let g = -330 + 748. What is the highest common factor of 76 and g?
38
Let w(m) = m**2 + 8*m + 29. Let k be w(9). Calculate the highest common factor of k and 78.
26
Suppose 5*c + 4*i = 28, -4*c = -3*i - 47 + 6. Let s = 123 + -122. Let a = s + 79. What is the highest common divisor of c and a?
8
Let v be 101/6 - (-1)/6. Let f(y) = y - 10. Let h be f(18). Suppose h - 23 = m - 5*n, -v = -m - 3*n. Calculate the highest common divisor of m and 35.
5
Let h be ((-760)/608)/(2/(-48)). What is the highest common factor of h and 2025?
15
Let d be -95*(3 + -6 + 2). Let u = d - 79. Calculate the greatest common divisor of 4 and u.
4
Suppose 0 = 34*g - 30*g - 248. What is the greatest common divisor of 248 and g?
62
Suppose 3*x - 59 + 23 = -2*v, 4*v - 24 = -2*x. Let a(p) = -3*p**3 - 2*p**2 + 3*p + 2. Let t be a(-2). What is the greatest common factor of x and t?
12
Let j be (-5)/((-30)/87)*(5 + 1). Suppose -4*y + j = -89. Calculate the highest common divisor of y and 22.
22
Let v = -218 + 124. Let o = v + 133. What is the highest common divisor of o and 13?
13
Let v = 19 + -17. Suppose -4*a = v*b - 16, 5*a = -b - 4*b + 20. Suppose b*x + 40 = x. Calculate the highest common factor of x and 100.
20
Suppose -28*m + 109 = -87. Calculate the greatest common factor of m and 119.
7
Suppose -s - 6 = -4*s. Let z be -2 + 4 + (-140 - s). Let u = z - -356. Calculate the greatest common factor of 24 and u.
24
Let b be 10*5/50*681. What is the highest common divisor of b and 3?
3
Suppose 0 = -4*t + 1230 - 334. Suppose 0 = -8*a - 124 + 236. What is the highest common divisor of t and a?
14
Let x be (-2)/(-10) + (-3609)/45. Let v = -48 - x. Let h(k) = -9*k - 6. Let l be h(-6). What is the highest common divisor of l and v?
16
Let o = 2147 - 2140. Let s = -55 - -104. What is the highest common divisor of s and o?
7
Let i = -125 - -449. Calculate the highest common factor of i and 12.
12
Let k = -19 - -15. Let t be ((-15)/2)/(k/8). What is the greatest common divisor of t and 105?
15
Suppose 0 = -3*c - 155 - 109. Let v = 90 + c. What is the greatest common divisor of v and 6?
2
Let m = -1225 - -1257. What is the greatest common divisor of 12 and m?
4
Suppose a - 35 = -5*i, -4*a - a = -4*i + 57. Suppose -19 = -3*f + i. Calculate the greatest common factor of 27 and f.
9
Let z = 76 + -24. What is the greatest common divisor of z and 286?
26
Suppose 0 = 5*d - 15, -d - 2*d + 5 = p. Let t be (p/10)/((-2)/60). What is the greatest common factor of t and 4?
4
Let w(c) = -c**2 - 9*c - 9. Let z be w(-8). Let m = 3 + z. Let x be (-18 - -11) + (1 - -8). Calculate the highest common divisor of x and m.
2
Let p = 2 - -28. Let t(r) = 3*r. Let k be t(1). Let s be k + ((-8)/(-4) - -5). What is the highest common factor of p and s?
10
Suppose -2*l = -l - 4. Suppose -l*t + 6*t - 150 = 0. Calculate the highest common divisor of t and 50.
25
Suppose -119 - 10 = -3*p. Let s = p - 31. What is the highest common factor of s and 30?
6
Suppose -2*h + 3*x - 3 = 6, 5*x = h + 22. Calculate the greatest common divisor of 3 and h.
3
Let f(k) = k**3 + 6*k**2 + 8*k + 4. Let r be f(-3). Suppose -121 = -r*u - 4*u. Calculate the highest common factor of 11 and u.
11
Let i(g) = -g**2 + 6*g + 87. Let h be i(9). What is the highest common factor of h and 2820?
60
Suppose -7*b - 6*b = -234. Suppose -22 - b = -3*o + k, o - 2*k - 5 = 0. What is the highest common factor of 6 and o?
3
Let y be 2/6*(-5 + 7 + 1). Calculate the greatest common divisor of 68 and y.
1
Suppose c + 256 = 3*c. Let m(a) = a**2 - 7*a**2 - 3*a - 2 + 0*a**2 - a**3. Let k be m(-6). Calculate the highest common factor of c and k.
16
Let n be (-19)/(-114) + (-71)/(-6). Let w(h) = -h - 11. Let l be w(-8). Let p = 33 - l. Calculate the greatest common divisor of p and n.
12
Let t be 1/1*-1*-24. Let q = -41 + 24. Let d = q + t. What is the highest common factor of 77 and d?
7
Let n be -14*25/(-10) - -5. Suppose 53 = 3*s - n. What is the greatest common divisor of s and 124?
31
Suppose 0*o = -4*o + 1176. Suppose 82*p + 74*p = 121*p + 1470. What is the greatest common divisor of p and o?
42
Let u(f) = -f**3 + 7*f**2 - 11. Let d be u(6). Let a = 10 - 0. Calculate the highest common factor of a and d.
5
Suppose 4*v + 6 + 2 = 5*d, 0 = 5*d + 2*v + 4. Let j = d - -25. Suppose -3*c = 2*h - 65, 2*c + 15 = h - 0*c. Calculate the highest common divisor of h and j.
25
Suppose -4*i = -6*i + 56. Suppose -i = -5*y + 12. Let v be y + -3 - (-1 - -3). What is the greatest common divisor of v and 6?
3
Let w be (-32320)/30*-3*2/4. Calculate the highest common divisor of w and 16.
16
Suppose 3*g - 27 - 18 = 0. Calculate the greatest common divisor of 105 and g.
15
Let o be 30 - (0 + -3 + 3) - 3. Let i = -168 + 171. What is the greatest common factor of i and o?
3
Let v(j) = -j**2 - 3*j + 4. Let c be v(-3). Let r be (c/(-6))/((-2)/30). Let u = -865 + 935. What is the greatest common divisor of u and r?
10
Let s be (-41 + 93)*(-45)/(-4). Calculate the greatest common divisor of 65 and s.
65
Let m(z) = 8*z**2 - 6*z - 14. Let p be m(-2). What is the greatest common divisor of 48 and p?
6
Let o be 8103/1168 - (1 - (-51)/(-48)). Let r(y) = -y**3 - 3*y**2 + 3*y - 1. Let k be r(-4). Calculate the greatest common factor of o and k.
1
Let m(o) = o + 105. Let n be m(0). Let f(y) = -y**2 + 5*y + 21. Let h be f(0). Calculate the greatest common divisor of n and h.
21
Let i be (-378)/21*(-80)/6. Calculate the highest common divisor of 30 and i.
30
Let a be 2/(-2)*-7 + -15 + 17. Suppose a*v = 169 + 101. What is the greatest common divisor of 20 and v?
10
Let v(a) = 50*a**2 + 8*a - 8. Let g be v(2). What is the highest common factor of g and 16?
16
Let n(a) = -a**3 - 8*a + 5 + 8*a**2 - 4*a + 6*a. Let l be n(7). Let r = 2 + l. Calculate the highest common factor of r and 56.
14
Let g(f) = -f**3 + 5*f**2 + 9*f - 3. Let s be g(6). What is the highest common divisor of 480 and s?
15
Let v = -15 - -99. Calculate the greatest common factor of 294 and v.
42
Let n(g) = g**3 + 19*g**2 - 42*g + 23. Let f be n(-21). What is the greatest common divisor of 69 and f?
23
Let c be (-160)/(-85) - (-20)/170 - -31. Calculate the greatest common divisor of c and 154.
11
Suppose -5*m - 585 = -4*v - 220, -m + 5*v - 94 = 0. Let u = 155 + m. Let k be u/10 - (-30)/75. What is the highest common factor of k and 6?
3
Let n = -92 - -96. Let b be 42/n + 4/(-8). Calculate the greatest common factor of 20 and b.
10
Suppose 18*p - 15*p + i = 118, 6 = -3*i. Suppose -3*s + 6*o = 2*o - 120, 0 = 5*o. What is the highest common factor of p and s?
40
Let y(w) = 639*w**2 + 9*w - 10. Let u be y(1). What is the highest common divisor of 58 and u?
58
Let w be (1 + -1 + -1)*-14. Let q be 4/w - (0 - (-244)/(-28)). What is the greatest common factor of q and 72?
9
Suppose -c - 129 = -5*h + 324, -h = -4*c - 83. Calculate the greatest common divisor of 28 and h.
7
Let j be (1 - 5) + 6 + 3. Suppose j*i = i - 8. Let s be 57/6*-1*i. What is the highest common divisor of s and 57?
19
Let t = 718 - 377. Let k = -26 + 57. Calculate the greatest common divisor of t and k.
31
Let w be (-8)/6*(12 - -3)*-1. Suppose 5*g - 9 - 1 = 0. Suppose 0 = -g*a - 3 + 43. Calculate the greatest common factor of w and a.
20
Let k be (38 - 40) + 105 + -1. What is the greatest common factor of k and 6?
6
Let r(u) = u**2. Let f(x) = -4*x**2 + 14*x + 5. Let o(c) = f(c) + 3*r(c). Let k be o(14). Let i = 6 - 1. What is the highest common factor of i and k?
5
Let o(d) = -250*d + 49. Let a be o(-3). Ca